the units digit of 1586458?
8
What is the units digit of 1674823?
3
What is the hundreds digit of 14196658?
6
What is the hundreds digit of 199356?
3
What is the ten thousands digit of 327015?
2
What is the thousands digit of 1038960?
8
What is the units digit of 356340?
0
What is the ten thousands digit of 394604?
9
What is the units digit of 758976?
6
What is the thousands digit of 8566633?
6
What is the units digit of 137967?
7
What is the units digit of 3047052?
2
What is the hundreds digit of 1019981?
9
What is the ten thousands digit of 1414310?
1
What is the ten thousands digit of 73403?
7
What is the hundreds digit of 203267?
2
What is the thousands digit of 348987?
8
What is the hundreds digit of 1484765?
7
What is the hundred thousands digit of 3220659?
2
What is the tens digit of 37902448?
4
What is the hundred thousands digit of 1219868?
2
What is the ten thousands digit of 3873752?
7
What is the thousands digit of 70704?
0
What is the hundred thousands digit of 401621?
4
What is the tens digit of 146219?
1
What is the units digit of 250008?
8
What is the ten thousands digit of 19185?
1
What is the units digit of 5365203?
3
What is the tens digit of 171988?
8
What is the thousands digit of 7934208?
4
What is the hundreds digit of 2104916?
9
What is the units digit of 16771579?
9
What is the units digit of 654877?
7
What is the thousands digit of 5512258?
2
What is the units digit of 29481838?
8
What is the tens digit of 1499200?
0
What is the thousands digit of 7327049?
7
What is the hundred thousands digit of 2611963?
6
What is the ten thousands digit of 383310?
8
What is the hundreds digit of 15133901?
9
What is the ten thousands digit of 11332463?
3
What is the units digit of 4861567?
7
What is the hundred thousands digit of 3825705?
8
What is the hundred thousands digit of 291394?
2
What is the millions digit of 12471750?
2
What is the ten thousands digit of 1157352?
5
What is the tens digit of 1138642?
4
What is the tens digit of 1333604?
0
What is the thousands digit of 94585?
4
What is the millions digit of 1054491?
1
What is the ten thousands digit of 236269?
3
What is the millions digit of 6892075?
6
What is the ten thousands digit of 108115?
0
What is the thousands digit of 274158?
4
What is the thousands digit of 770887?
0
What is the tens digit of 880131?
3
What is the units digit of 4381256?
6
What is the hundreds digit of 132306?
3
What is the units digit of 843469?
9
What is the hundred thousands digit of 2548051?
5
What is the millions digit of 7098207?
7
What is the units digit of 582787?
7
What is the hundreds digit of 1640651?
6
What is the units digit of 251388?
8
What is the tens digit of 261014?
1
What is the units digit of 148228?
8
What is the ten thousands digit of 1480771?
8
What is the millions digit of 9425087?
9
What is the hundred thousands digit of 267819?
2
What is the millions digit of 7370663?
7
What is the hundred thousands digit of 1376240?
3
What is the hundred thousands digit of 9467789?
4
What is the hundred thousands digit of 717159?
7
What is the millions digit of 9386500?
9
What is the tens digit of 188628?
2
What is the units digit of 57386?
6
What is the thousands digit of 1528214?
8
What is the ten thousands digit of 2205051?
0
What is the hundred thousands digit of 11775001?
7
What is the ten thousands digit of 504609?
0
What is the tens digit of 5962932?
3
What is the hundred thousands digit of 9984880?
9
What is the millions digit of 8772859?
8
What is the units digit of 610226?
6
What is the units digit of 334462?
2
What is the hundreds digit of 328659?
6
What is the hundred thousands digit of 2856375?
8
What is the units digit of 59257?
7
What is the hundreds digit of 10113396?
3
What is the hundred thousands digit of 102719?
1
What is the ten thousands digit of 260503?
6
What is the hundreds digit of 130?
1
What is the ten thousands digit of 5182836?
8
What is the ten thousands digit of 603519?
0
What is the thousands digit of 1267053?
7
What is the tens digit of 3550974?
7
What is the units digit of 146071?
1
What is the hundred thousands digit of 13290008?
2
What is the tens digit of 44925?
2
What is the tens digit of 1092332?
3
What is the ten thousands digit of 189431?
8
What is the tens digit of 482329?
2
What is the thousands digit of 2030365?
0
What is the units digit of 7176474?
4
What is the hundreds digit of 228185?
1
What is the tens digit of 9346967?
6
What is the hundred thousands digit of 872306?
8
What is the thousands digit of 577349?
7
What is the tens digit of 2310854?
5
What is the units digit of 1150015?
5
What is the ten thousands digit of 25946?
2
What is the hundreds digit of 2112262?
2
What is the hundred thousands digit of 2861465?
8
What is the millions digit of 1029684?
1
What is the units digit of 979793?
3
What is the units digit of 323891?
1
What is the hundreds digit of 2957383?
3
What is the thousands digit of 6661793?
1
What is the tens digit of 3256344?
4
What is the tens digit of 152468?
6
What is the ten thousands digit of 493160?
9
What is the ten thousands digit of 5997731?
9
What is the units digit of 1102696?
6
What is the ten thousands digit of 30276520?
7
What is the ten thousands digit of 96070?
9
What is the units digit of 1354803?
3
What is the tens digit of 29029000?
0
What is the thousands digit of 12397534?
7
What is the hundreds digit of 922235?
2
What is the thousands digit of 7591287?
1
What is the ten thousands digit of 22690116?
9
What is the ten thousands digit of 5631933?
3
What is the hundred thousands digit of 179048?
1
What is the thousands digit of 6393724?
3
What is the hundred thousands digit of 2981227?
9
What is the hundreds digit of 1664805?
8
What is the hundreds digit of 732663?
6
What is the tens digit of 635099?
9
What is the hundreds digit of 1204087?
0
What is the hundreds digit of 1228499?
4
What is the ten thousands digit of 646730?
4
What is the thousands digit of 7736006?
6
What is the ten thousands digit of 257440?
5
What is the millions digit of 36037714?
6
What is the hundreds digit of 90035?
0
What is the ten thousands digit of 1585539?
8
What is the millions digit of 6781641?
6
What is the ten thousands digit of 2499434?
9
What is the thousands digit of 1815361?
5
What is the millions digit of 6805569?
6
What is the hundreds digit of 7696160?
1
What is the units digit of 790658?
8
What is the units digit of 21938632?
2
What is the units digit of 494130?
0
What is the units digit of 1904185?
5
What is the millions digit of 5431444?
5
What is the ten thousands digit of 108196?
0
What is the ten thousands digit of 36771182?
7
What is the hundred thousands digit of 1111325?
1
What is the ten millions digit of 15382112?
1
What is the units digit of 1530429?
9
What is the thousands digit of 427363?
7
What is the ten thousands digit of 134975?
3
What is the tens digit of 20895204?
0
What is the hundred thousands digit of 2292134?
2
What is the hundreds digit of 20129306?
3
What is the units digit of 442302?
2
What is the hundred thousands digit of 6552036?
5
What is the hundred thousands digit of 29533526?
5
What is the units digit of 489897?
7
What is the tens digit of 237058?
5
What is the thousands digit of 216117?
6
What is the millions digit of 12461802?
2
What is the units digit of 556051?
1
What is the hundred thousands digit of 467352?
4
What is the tens digit of 895224?
2
What is the tens digit of 159703?
0
What is the tens digit of 912490?
9
What is the hundred thousands digit of 3555832?
5
What is the millions digit of 1966240?
1
What is the ten thousands digit of 1307143?
0
What is the ten thousands digit of 1451697?
5
What is the units digit of 17826330?
0
What is the thousands digit of 75137?
5
What is the ten thousands digit of 549646?
4
What is the thousands digit of 98791?
8
What is the units digit of 163538?
8
What is the ten thousands digit of 280387?
8
What is the tens digit of 281517?
1
What is the units digit of 5674373?
3
What is the hundreds digit of 24624083?
0
What is the units digit of 802593?
3
What is the millions digit of 1169290?
1
What is the units digit of 111678?
8
What is the units digit of 4958254?
4
What is the hundreds digit of 25465457?
4
What is the hundreds digit of